 What is the remainder when r is divided by 39?
36
Let k(s) = -s + 4. Let w be k(-12). Let o be 1080/w*(-4)/(-5). Suppose o = 6*y - 3*y. What is the remainder when 35 is divided by y?
17
Let c = -8 + 13. Suppose -c*m - 13 = -43. Suppose 0 = 3*t - 2*q - 33, q - 15 = -4*t + 29. What is the remainder when t is divided by m?
5
Let q = -376 + 581. Calculate the remainder when q is divided by 52.
49
Suppose 19*n - 17*n + 4*u - 314 = 0, -5*n - 5*u + 770 = 0. Calculate the remainder when 298 is divided by n.
147
Suppose 0 = -7*a + 674 - 121. Calculate the remainder when a is divided by 40.
39
Let v(i) = -5*i**2 - 4*i - 3. Let d(f) = -11*f**2 - 7*f - 5. Let u(t) = -4*d(t) + 9*v(t). What is the remainder when 13 is divided by u(-6)?
3
Suppose 4*j - 46 = 2*j - a, 4*a + 141 = 5*j. Let w = -13 - -26. What is the remainder when j is divided by w?
12
Suppose 18*k = 22*k. Suppose -p + 6 - 1 = k, p = c - 4. Calculate the remainder when 35 is divided by c.
8
Suppose 174 = 24*s - 21*s. Suppose -4*w - 80 = -9*w. Calculate the remainder when s is divided by w.
10
Let d(l) = -l**2 - 7. Let z be d(0). What is the remainder when ((-26)/8)/(z/140) is divided by 11?
10
Let x = 74 - -79. Calculate the remainder when x is divided by 32.
25
Suppose 8 = 3*p + p, 0 = 3*x + 4*p - 47. Suppose -4*s + 2*v + 63 = -x, 82 = 4*s + v. Calculate the remainder when 139 is divided by s.
19
Suppose -86 = 5*m - 466. Suppose w = -w + m. What is the remainder when w is divided by 1*10*2/2?
8
Let z = 9 - -8. Suppose -4*x + z = t, x + 3*t - 12 = -5. Suppose -x*l = a - 9, 2*a - 2*l + l - 18 = 0. Calculate the remainder when 17 is divided by a.
8
Suppose 0 = -12*b + 10*b + 22. Let s = -26 + b. Let h = s - -44. What is the remainder when 114 is divided by h?
27
Suppose 26*r - 223 = 245. What is the remainder when 65 is divided by r?
11
Calculate the remainder when 672 is divided by (-1 - 3)/(4/(-75)).
72
Let l(w) = 115*w - 974. What is the remainder when l(11) is divided by 6?
3
Suppose -4*p + p + 15 = 0. Calculate the remainder when 12 is divided by (-27)/(-6)*(3 + p/(-3)).
0
Suppose 0 = -2*t + 3*r - 11 - 4, 4*t + 4*r - 20 = 0. Let y = -36 - -56. Suppose 2*c = -t*c + y. What is the remainder when 15 is divided by c?
5
Suppose -3*a - z = -a - 128, 3*z = a - 50. What is the remainder when 803 is divided by a?
59
Let a = -57 - -62. Suppose -a = -5*v + 70. What is the remainder when v is divided by 3?
0
Suppose -4*j - 2*b + 292 = 0, j + 4*b - 22 = 37. What is the remainder when 1049 is divided by j?
74
Suppose -3*i = i - 172. Let n be 4/(-24) - (3 - 86/12). Suppose n*q - 17 - i = 0. What is the remainder when q is divided by 8?
7
Let k(w) = w**3 - 2*w**2 - 6*w + 2. Calculate the remainder when -5 - (6 - 240/((-36)/(-6))) is divided by k(4).
9
Let d(p) = p. Suppose 0 = -5*m - 0*m + 40. Suppose 5*y + m = -17, -19 = -4*j - y. What is the remainder when 9 is divided by d(j)?
3
Suppose -6*a + 5 + 7 = 0. Let p(c) = -c**3 + 3*c**2 + 6*c - 3. Calculate the remainder when (2/(-6))/(a/(-84)) is divided by p(4).
4
Let w(m) = -m**3 + 2*m**2 + 2*m - 1. Calculate the remainder when 8 is divided by w(2).
2
Let p = 820 + -525. What is the remainder when p is divided by 43?
37
Let m(b) = -b**2 - 7*b - 10. Let o be m(-5). Suppose o = 3*w, -5*j + 73 = w - 122. Calculate the remainder when 153 is divided by j.
36
Let f be 1/(-3) - (-6)/(-9). Calculate the remainder when f*(4 - -19)/(1 + -2) is divided by 8.
7
Let h(o) = -o - 2*o**2 + 4*o**3 - 5 + 0 + 7. Let b be h(1). Let w(s) = 6*s + 7. Calculate the remainder when 72 is divided by w(b).
22
Let j(s) = -s**3 - 6*s**2 + s + 8. Let t be j(-6). Let f = 1 + t. Let r = -256 + 266. What is the remainder when r is divided by f?
1
Let k(a) = a**3 + 10*a**2 + a - 10. Suppose l + r + 4 = -3, 0 = 4*l - 2*r + 40. Let z = 1894 + -1862. Calculate the remainder when k(l) is divided by z.
30
Let o(t) be the third derivative of -t**4/12 + 7*t**3/3 + 11*t**2. Let h be o(6). Suppose -l - h*l + 36 = 0. What is the remainder when 47 is divided by l?
11
Let l(j) = -435*j**3 - j**2 + 2*j - 1. Let u be l(1). Calculate the remainder when (u/(-18) - -1) + 1/(-6) is divided by 4.
1
Let c be (25/(-5))/(-5) + (2 - 0). Suppose -3*d - p + c*p + 220 = 0, 4*d = -2*p + 270. What is the remainder when d is divided by 36?
34
Let a(t) = 12*t + 435. Calculate the remainder when 198 is divided by a(-32).
45
Let q(t) = -t**3 + 2*t**2 + t + 188. Calculate the remainder when q(0) is divided by 100.
88
Let j(c) = -4*c - 19. Let m = 82 - -52. Calculate the remainder when m is divided by j(-16).
44
Suppose -5*h + 107 = -33. Suppose -55 = -5*p + 2*j + 3, 0 = -5*j - 20. What is the remainder when h is divided by p?
8
Suppose 840 = 21*a - 777. Calculate the remainder when a is divided by 33.
11
Suppose 2*r - 34*m + 33*m - 75 = 0, 0 = -r - 3*m + 48. Calculate the remainder when 464 is divided by r.
35
Let x = -71 - -88. Calculate the remainder when 64 is divided by x.
13
Suppose 3*s - 19 = 11. Let n be (-2 + 4 + -5)*20/(-15). Suppose -n*z = -37 + 21. What is the remainder when s is divided by z?
2
Let m(n) = 4*n - 2. Let t(k) = -8*k - 13. Let a(f) = 7*f + 12. Let o(g) = -7*a(g) - 6*t(g). Let c be o(-9). What is the remainder when 27 is divided by m(c)?
7
Let a(p) = -p**3 - 2*p**2 + 8*p + 14. What is the remainder when 107 is divided by a(-4)?
9
Suppose 26*l - 231 - 133 = 0. What is the remainder when -1*1/(3/(-123)) is divided by l?
13
Let z(s) = -3*s + 77. Let w be z(18). Let d = 53 - w. What is the remainder when 59 is divided by d?
29
Suppose 825 = 6*h - 2739. Suppose -7*w + h = 11*w. Calculate the remainder when 62 is divided by w.
29
Let u be -18 + -1 + (-3)/1. Let z be -1*u*3/6. Let c = z + -7. What is the remainder when 9 is divided by c?
1
What is the remainder when 343 is divided by (-4 - 324/(-15))/((-4)/(-20))?
79
Calculate the remainder when (-4)/18 + (-173)/(-9) is divided by (5/((-25)/(-2)))/((-3)/(-75)).
9
Suppose 16*t - 14*t - 2*a = 90, 0 = -3*t + a + 129. Calculate the remainder when 201 is divided by t.
33
Calculate the remainder when 104 is divided by (3/(-2) - (-13 - -6))*2.
5
Suppose -3*v + 3*u = -3, -3*v = -2*v + 3*u - 13. Suppose v*x + 20 = -8. Let y(c) = -2*c - 3. Calculate the remainder when 19 is divided by y(x).
8
Let h = -78 - -80. Suppose -h*n - 6 = 2*p - 3*p, 0 = -p - 4*n. What is the remainder when 12 is divided by p?
0
Suppose 0 = 35*i - 63*i + 700. Calculate the remainder when 2/(-6)*11*-27 is divided by i.
24
Suppose 0*s = 4*x - 2*s - 62, -3*x - 5*s = -53. Let i = 22 - 32. Let k = i + 19. Calculate the remainder when x is divided by k.
7
Suppose 528 = 35*i - 417. What is the remainder when 64 is divided by i?
10
Let g = -40 + 70. Suppose -94*w + 142 + 892 = 0. Calculate the remainder when g is divided by w.
8
Let s(k) = k**3 + 13*k**2 - 5*k + 18. Suppose 0 = 2*c - 3*w + 14, 53 = -5*c + 3*w - 0*w. Calculate the remainder when s(c) is divided by 12.
11
Suppose -19*y + 2603 + 1064 = 0. Calculate the remainder when y is divided by 7.
4
Suppose p + p = 78. Let n(g) = -g**2 - 4*g + 42. What is the remainder when p is divided by n(-8)?
9
Let b = -1182 + 1417. What is the remainder when b is divided by 60?
55
Let b be ((-21)/(-28))/(1/12). Suppose -b = -6*v + 45. What is the remainder when 62 is divided by v?
8
Suppose -5*r = -a - 15, -4*r + 10 = -4*a - 2. Suppose -15*f + 13*f - 8 = a. Calculate the remainder when f - ((-102)/2 - 1) is divided by 17.
14
Let q = 24022 + -24003. Calculate the remainder when 2/4 - 219/(-6) is divided by q.
18
Suppose 156*y - 7819 = 1073. Suppose 120 = 4*q + 5*v, -4*v + 30 = q + v. What is the remainder when y is divided by q?
27
Suppose 6*f = -7*f + 1066. What is the remainder when f is divided by 21?
19
Suppose 0 = -3*g + 321 - 72. Suppose -4*x + g = -57. Let c(h) = h**3 - 9*h**2 - 19*h - 21. Calculate the remainder when x is divided by c(11).
11
Suppose 3*c = 9*c - 18. Suppose 38 + 43 = c*d. What is the remainder when 160 is divided by d?
25
Let i(k) = 2*k + 7. Let q be i(3). Let l = q + -14. Let v = l + 11. Calculate the remainder when v is divided by 3.
1
Suppose -u - 5*z = -z - 198, -2*z - 774 = -4*u. Let a(l) = -l**3 - 4*l**2 - 15*l - 38. What is the remainder when u is divided by a(-4)?
18
What is the remainder when 2/7 - 655/(-35) is divided by 2